84 and 656?
16
What is the greatest common factor of 54 and 162?
54
What is the highest common factor of 5390 and 182?
14
What is the highest common divisor of 1978 and 529?
23
What is the highest common factor of 408 and 255?
51
What is the greatest common divisor of 23 and 299?
23
Calculate the greatest common divisor of 19 and 57.
19
Calculate the greatest common divisor of 114 and 11096.
38
Calculate the highest common factor of 1944 and 120.
24
What is the highest common factor of 96 and 108?
12
What is the highest common factor of 152 and 2755?
19
Calculate the greatest common factor of 93 and 155.
31
Calculate the highest common factor of 75 and 800.
25
What is the highest common divisor of 210 and 90?
30
What is the highest common divisor of 99 and 11?
11
What is the greatest common divisor of 51 and 2176?
17
What is the greatest common divisor of 1854 and 12?
6
Calculate the greatest common factor of 60 and 150.
30
Calculate the highest common factor of 19 and 133.
19
What is the greatest common factor of 505 and 125?
5
Calculate the greatest common factor of 399 and 114.
57
What is the highest common factor of 2289 and 168?
21
What is the highest common divisor of 14 and 56?
14
Calculate the greatest common divisor of 7654 and 445.
89
Calculate the greatest common divisor of 14 and 49.
7
Calculate the highest common divisor of 63 and 14.
7
What is the highest common divisor of 49 and 756?
7
Calculate the highest common divisor of 114 and 76.
38
Calculate the greatest common factor of 19 and 304.
19
Calculate the greatest common divisor of 215 and 65.
5
Calculate the greatest common factor of 56 and 712.
8
What is the greatest common divisor of 3382 and 95?
19
Calculate the greatest common factor of 286 and 2442.
22
Calculate the highest common factor of 16 and 3696.
16
Calculate the greatest common factor of 816 and 4.
4
What is the highest common divisor of 1311 and 57?
57
What is the greatest common divisor of 4869 and 9?
9
What is the greatest common divisor of 20097 and 105?
21
Calculate the highest common factor of 2926 and 10906.
266
What is the highest common factor of 4480 and 32?
32
Calculate the highest common factor of 131 and 7991.
131
What is the greatest common factor of 48 and 912?
48
Calculate the greatest common divisor of 848 and 583.
53
What is the highest common factor of 118 and 2?
2
Calculate the highest common factor of 85 and 221.
17
Calculate the highest common factor of 605 and 7645.
55
Calculate the greatest common divisor of 21 and 13713.
21
What is the greatest common factor of 72 and 4608?
72
What is the highest common factor of 1826 and 1660?
166
What is the greatest common divisor of 253 and 2231?
23
What is the highest common factor of 110 and 22?
22
Calculate the highest common divisor of 145 and 1363.
29
What is the greatest common divisor of 40 and 190?
10
Calculate the greatest common factor of 324 and 144.
36
Calculate the highest common factor of 1323 and 336.
21
What is the highest common factor of 29202 and 186?
186
Calculate the greatest common factor of 360 and 225.
45
What is the greatest common divisor of 11723 and 38?
19
Calculate the greatest common divisor of 63 and 567.
63
What is the highest common divisor of 2 and 118?
2
Calculate the highest common factor of 343 and 4.
1
Calculate the highest common divisor of 546 and 117.
39
What is the greatest common divisor of 4845 and 153?
51
Calculate the greatest common factor of 1070 and 125.
5
What is the highest common divisor of 143 and 44?
11
What is the highest common factor of 63 and 81?
9
What is the highest common divisor of 136 and 2754?
34
What is the highest common divisor of 7 and 2814?
7
What is the greatest common factor of 2747 and 82?
41
Calculate the highest common divisor of 368 and 48.
16
Calculate the greatest common factor of 405 and 81.
81
What is the greatest common divisor of 178 and 267?
89
What is the greatest common factor of 37 and 28564?
37
Calculate the greatest common divisor of 171 and 204.
3
What is the greatest common divisor of 260 and 39?
13
What is the greatest common factor of 5 and 3385?
5
What is the highest common factor of 549 and 3?
3
What is the highest common divisor of 980 and 320?
20
Calculate the highest common factor of 1095 and 60.
15
Calculate the highest common factor of 230 and 2254.
46
What is the highest common factor of 15 and 2235?
15
What is the greatest common divisor of 25 and 2075?
25
What is the greatest common factor of 428 and 72?
4
What is the highest common divisor of 4731 and 57?
57
What is the greatest common factor of 24 and 219?
3
Calculate the greatest common divisor of 70 and 595.
35
Calculate the greatest common divisor of 24 and 256.
8
What is the greatest common divisor of 29263 and 52?
13
What is the highest common divisor of 221 and 136?
17
What is the highest common factor of 173 and 44288?
173
Calculate the greatest common divisor of 129 and 688.
43
Calculate the highest common factor of 6744 and 24.
24
Calculate the greatest common divisor of 1917 and 27.
27
Calculate the highest common factor of 825 and 33.
33
What is the greatest common factor of 175 and 2569?
7
What is the greatest common divisor of 143 and 33?
11
Calculate the highest common factor of 91 and 182.
91
What is the greatest common divisor of 23163 and 42?
21
What is the greatest common divisor of 3887 and 2?
1
Calculate the highest common factor of 912 and 114.
114
What is the greatest common factor of 1826 and 66?
22
What is the highest common divisor of 12 and 372?
12
Calculate the greatest common divisor of 16 and 6.
2
What is the highest common divisor of 82325 and 25?
25
Calculate the greatest common divisor of 20 and 7100.
20
Calculate the greatest common factor of 319 and 341.
11
Calculate the greatest common factor of 13657 and 7.
7
Calculate the highest common divisor of 378 and 42.
42
What is the greatest common divisor of 545 and 872?
109
Calculate the highest common divisor of 468 and 1053.
117
What is the greatest common factor of 306 and 3621?
51
What is the greatest common divisor of 343 and 182?
7
What is the highest common divisor of 28 and 908?
4
Calculate the highest common divisor of 378 and 918.
54
Calculate the highest common divisor of 33 and 209.
11
Calculate the greatest common divisor of 10 and 1580.
10
Calculate the greatest common factor of 100 and 20.
20
Calculate the greatest common factor of 30 and 19200.
30
What is the greatest common factor of 211 and 35659?
211
Calculate the greatest common factor of 12 and 172.
4
Calculate the greatest common factor of 36 and 36.
36
What is the greatest common factor of 252 and 182?
14
Calculate the greatest common divisor of 816 and 96.
48
What is the highest common divisor of 17433 and 117?
117
Calculate the highest common divisor of 15 and 27.
3
Calculate the highest common divisor of 486 and 30.
6
What is the highest common divisor of 280 and 20?
20
Calculate the highest common divisor of 5036 and 4.
4
What is the greatest common divisor of 533 and 82?
41
What is the highest common divisor of 173 and 19549?
173
Calculate the greatest common factor of 6 and 34.
2
Calculate the highest common divisor of 493 and 17.
17
Calculate the greatest common divisor of 91 and 156.
13
Calculate the greatest common divisor of 760 and 5624.
152
What is the greatest common divisor of 1 and 32?
1
What is the highest common divisor of 8 and 2048?
8
What is the highest common factor of 140 and 8505?
35
What is the highest common factor of 39 and 17121?
39
Calculate the greatest common divisor of 56 and 77.
7
What is the highest common divisor of 50 and 2?
2
What is the highest common divisor of 525 and 84?
21
What is the highest common divisor of 130 and 90?
10
What is the highest common factor of 260 and 416?
52
What is the greatest common factor of 507 and 117?
39
What is the greatest common divisor of 192 and 56?
8
Calculate the greatest common divisor of 56 and 160.
8
What is the greatest common factor of 74 and 4366?
74
Calculate the highest common divisor of 22609 and 46.
23
What is the greatest common divisor of 14559 and 138?
69
What is the greatest common factor of 65 and 3445?
65
Calculate the greatest common divisor of 5 and 115